 b?
1
Let l be 2 - (624/3)/1. Let w = -144 - l. Calculate the remainder when w is divided by 16.
14
Calculate the remainder when 48 is divided by (-9)/54 - 61/(-6).
8
Let c(t) = t**2 + 14. Let w be c(0). Suppose 2*l - w - 10 = 0. What is the remainder when 22 is divided by l?
10
Suppose -2*a - b - 15 = 4*b, 12 = 5*a - 4*b. Suppose -6*c = -a*c - 108. Suppose -2*g + 33 = -g. What is the remainder when g is divided by c?
15
Let t(q) = 8*q**2 - 1. Let m(z) = -z**2 + 5*z + 5. Let d be m(6). Let v = -13 - -26. What is the remainder when v is divided by t(d)?
6
Suppose 4 = 5*v - 31. Calculate the remainder when 20 is divided by v.
6
Let u(r) = -r**3 - 3*r**2 + 4*r + 1. Let c be u(-4). Let p(q) = q**3 - c + q**2 + 12 - 2*q**3 + q. What is the remainder when 20 is divided by p(0)?
9
Let b be ((-1)/(-3))/((-3)/(-117)). Let n = b + -8. Suppose 0*i - 75 = -n*i. Calculate the remainder when 28 is divided by i.
13
Let s = -319 - -327. Suppose -3*b - 75 = -8*b. Calculate the remainder when b is divided by s.
7
Suppose 0 = y + 3*y + f + 46, -2*y - 28 = 3*f. Let c(r) = -r**3 - 11*r**2 - 12. Let j be c(y). Let x = j - -31. Calculate the remainder when x is divided by 10.
9
Suppose -3*q + y - 2*y = -2, q - 5*y + 10 = 0. Suppose q = -4*s + 2*v + 62, 4*s - v - 92 = -33. What is the remainder when 21 is divided by (s/4 - 3)*12?
3
Let n = 14 - 8. Let t be -15*(n/(-9))/2. Suppose -w - 4*l + 18 + 1 = 0, t*l = -5*w + 65. What is the remainder when 20 is divided by w?
9
Let g(z) be the second derivative of 0 - z + 1/6*z**3 - 1/5*z**5 + 0*z**4 - 1/2*z**2. Calculate the remainder when g(-2) is divided by 10.
9
Let y be (3 + -2)*(0 + -11). Let l = y - -15. Let q = 7 + l. What is the remainder when q is divided by 4?
3
Let u(q) = -q**3 - 8*q**2 + 7*q - 10. Suppose 0 = 5*i - 4*i + 9. Calculate the remainder when 31 is divided by u(i).
7
Calculate the remainder when 13 is divided by (10*1/3)/((-48)/(-72)).
3
Suppose 5*r - r = -356. Let h = -48 - r. Calculate the remainder when h is divided by 11.
8
Let k(l) = -l**3 - l**2 + 26*l - 6. What is the remainder when 1/(-1) - (0 + -54) is divided by k(4)?
17
Let l(n) = -2*n + 4*n + 1 - n - 7. What is the remainder when 4 is divided by l(8)?
0
Suppose 0 = 3*d + 5*y - 85, 30 + 25 = 3*d - y. Suppose 3 = 2*h - 11. What is the remainder when d is divided by h?
6
Let r(p) = 26*p**2 + p - 1. Let b be r(1). Suppose -3*d - 10 = -5*d, b = a + 4*d. Calculate the remainder when a is divided by 4.
2
Suppose -5*h + 5*b = -155, -2*b + 30 = 2*h - 20. Calculate the remainder when h is divided by (9 + -10)*(-1 - 9).
8
What is the remainder when 17 is divided by (-100)/(-15)*(-3)/(-2)?
7
Suppose -g - 5*y - 44 = -3*g, 4*y - 20 = -3*g. What is the remainder when 59 is divided by g?
11
Suppose 3*y + 2*b + 24 = 5*b, -y + 5*b + 12 = 0. Calculate the remainder when 2/4*(y + 55) is divided by 11.
10
What is the remainder when 17 is divided by (-75)/(-11) + (-4)/(-22)?
3
Let j(l) = 2*l**2 - 11*l + 25. Calculate the remainder when 92 is divided by j(5).
12
Suppose 8*g - 3*g - 9251 = -j, g - 5*j - 1845 = 0. Suppose -5*f + 3340 = -2*x, 2*f = 3*x - 514 + g. Calculate the remainder when f/12 + 4/(-6) is divided by 19.
17
Let t = -40 + 68. Suppose -2*g - t = -182. Calculate the remainder when g is divided by 20.
17
Suppose 2*s = 3*s - 5. Suppose -2*d + 3*f - 16 = f, -28 = d - s*f. Calculate the remainder when 14 is divided by 1 - 1 - (d + -2).
4
Suppose -z = -4*r - 4*z + 41, 0 = 2*r + 3*z - 19. What is the remainder when r is divided by 3?
2
Let q(j) = -j. Let v(u) = u**2 - 5*u - 7. Let z(r) = r**3 - 6*r**2 - 7*r + 6. Let b be z(7). Let o be v(b). Calculate the remainder when 2 is divided by q(o).
0
Let r = 81 - 46. Calculate the remainder when 68 is divided by r.
33
Suppose 0 = 3*i - i - 4. What is the remainder when 1 - (3 - i) - -3 is divided by 3?
0
Let o = -6 + 42. Let t(j) = j**2 - 1. Let k be t(1). Suppose 3*n - o - 3 = k. Calculate the remainder when 25 is divided by n.
12
Let m(z) = -z**2 - 20*z - 5. What is the remainder when m(-16) is divided by 15?
14
Suppose d + 3*d + 5*m = -16, d - 3 = -3*m. Let y be (3/9 - -1)*d. Let b = y + 25. Calculate the remainder when 25 is divided by b.
12
Let u = 3 + -1. Calculate the remainder when 1/(u/(25 - -1)) is divided by 7.
6
What is the remainder when (11/(-22))/(1/(-42)) is divided by 8?
5
Let m(d) = -d**3 + 8*d**2 + 8*d + 8. Let j be m(9). Let l(i) = i**2 - 5*i - 5. Let p be l(6). Calculate the remainder when 23 is divided by j/((p/(-12))/1).
11
Let m(o) = -o + 4. Suppose 4*k - 2 = 2*k. Suppose -k + 11 = 2*b. Calculate the remainder when m(-4) is divided by b.
3
Let z = 12 - 8. Let v be (8/6)/(2/18). What is the remainder when ((-3)/z)/((-1)/v) is divided by 5?
4
Calculate the remainder when 34 is divided by (13 - 1)/((-10)/(-15)).
16
Let o = -27 - -52. What is the remainder when o is divided by 15?
10
Suppose 2*f + 112 = 5*k, 3*k + 36 = 4*k + 3*f. Let w = -29 - -42. What is the remainder when k is divided by w?
11
Suppose 0 = -7*j + 2*j - v + 262, -4*v = 12. What is the remainder when j is divided by 18?
17
Suppose -r + 8 = -3*r + 4*v, -4*r + 2*v + 2 = 0. Suppose -r*u = u - 21. Calculate the remainder when u is divided by (-3)/((-7)/4 - -1).
3
Let r = 47 + -23. Let q(c) = 3*c**2 - 1. Let j be q(-2). Let u = 20 - j. What is the remainder when r is divided by u?
6
Let t(j) = -2*j + 3 + 6*j**2 - j**2 + 5*j. What is the remainder when t(3) is divided by 15?
12
Suppose 3*m + 55 = 160. Let d = m + 22. Calculate the remainder when d is divided by 15.
12
Let c = 12 - -3. Suppose -2*u = 1024 - 332. Calculate the remainder when 3/(-12) - u/8 is divided by c.
13
Calculate the remainder when ((-16)/10)/(((-112)/(-105))/(-8)) is divided by 8.
4
Let l = 79 + -46. Calculate the remainder when l is divided by 12.
9
Suppose 3*v - 28 + 70 = -2*t, -2*v - 3*t - 28 = 0. Calculate the remainder when 50 is divided by v/(-35) + (-63)/(-5).
11
Suppose -10*z = -0*z - 150. Let s = 116 - 59. Calculate the remainder when s is divided by z.
12
Let w(z) be the third derivative of 0*z + z**2 + 0 - 2/3*z**3 - 1/4*z**4 + 1/60*z**5. Calculate the remainder when w(7) is divided by 2.
1
Suppose 5*n = -z - 18, z - 3 = 3*n + 11. Suppose 0 = -s + 3 - 1. What is the remainder when z is divided by s?
0
Let q(o) = 6*o + 4*o - 8 + 5. Calculate the remainder when -75*((-3)/(-9) + -1) is divided by q(2).
16
Suppose 3*n - 45 = -3*t, -4*t - n - 4*n + 63 = 0. Suppose -3*i + 96 = g, 9 = g - 4*g. Calculate the remainder when i is divided by t.
9
Let k be 4/6 - 65/(-15). Suppose 0 = 3*a - k*a + 180. What is the remainder when a is divided by 23?
21
Let a(c) = -2*c + 2. Let j be a(-5). What is the remainder when 15 is divided by (-1)/((-2)/j) - -2?
7
Suppose -3 = -4*d + 3*i + 5, 3*i - 7 = d. Let z = 6 + d. Suppose -5*b + 0*f = f - z, 2*f + 8 = 0. Calculate the remainder when 4 is divided by b.
1
Suppose -c + 0*q = -q - 1, -21 = -c - 4*q. Suppose c*r - 35 = -0*r. Let y(b) = -b**2 + 6*b - 2. Calculate the remainder when r is divided by y(5).
1
Let l(v) be the third derivative of v**5/60 - 7*v**4/24 + 11*v**3/6 - 6*v**2. Calculate the remainder when l(8) is divided by 5.
4
Let f(d) = -d**2 + 21*d - 29. Calculate the remainder when f(18) is divided by 1*14 - (-1 - -1).
11
Suppose -v + 2*c = -0*c - 15, 5*v - 15 = -5*c. Suppose -s + z + 8 + 4 = 0, z - 1 = 0. Calculate the remainder when s is divided by v.
6
Let u(i) = i**2 - 5*i - 4. Suppose 4*n - 5*t + 5 = -0*n, 3*n + 2*t = 25. Suppose n*w = 5 + 5, 4*w = 4*r. What is the remainder when u(6) is divided by r?
0
Let f = -22 - -35. Let m = 8 + -3. Suppose -125 = -0*p - m*p. What is the remainder when p is divided by f?
12
Let u(n) = 7*n - 11. What is the remainder when 4 is divided by u(2)?
1
Suppose 0 = 5*d + 2*x - 20 - 8, -3*x - 4 = -4*d. What is the remainder when 6 is divided by d?
2
Calculate the remainder when 28 is divided by 66/(-4)*(-9)/(81/6).
6
Calculate the remainder when 33 is divided by 6/9 + (-75)/(-9).
6
Suppose 2*s + 1 = -z - 0*z, -3*s - z - 2 = 0. Let n be 14 - (-1 - (s + 0)). Let i = n + 0. Calculate the remainder when i is divided by 5.
4
Let i(k) = -k**2 + 13*k + 1. Let b be i(7). Suppose -2*t + 33 + b = 0. Suppose 0*m + m - 13 = 0. What is the remainder when t is divided by m?
12
Let u(z) = -8*z**3